1, 3067, 3169
List the prime factors of 178533482.
2, 89266741
What are the prime factors of 719116810?
2, 5, 71911681
What are the prime factors of 89706618?
2, 3, 4983701
List the prime factors of 257386073.
7, 53, 99109
What are the prime factors of 2713711482?
2, 3, 29, 5198681
List the prime factors of 44861508.
2, 3, 19, 65587
What are the prime factors of 153015258?
2, 3, 11, 79, 29347
What are the prime factors of 125649729?
3, 547, 25523
List the prime factors of 207770955.
3, 5, 7, 1978771
What are the prime factors of 104001280?
2, 5, 31, 2621
List the prime factors of 30359061.
3, 3373229
What are the prime factors of 58406371?
53, 1102007
List the prime factors of 378368953.
378368953
What are the prime factors of 1454803227?
3, 67, 804203
What are the prime factors of 303528098?
2, 17, 8927297
List the prime factors of 103917755.
5, 3557, 5843
What are the prime factors of 607780404?
2, 3, 7, 11, 43, 5099
What are the prime factors of 58213592?
2, 7276699
What are the prime factors of 5625909668?
2, 2753, 510889
What are the prime factors of 22549990?
2, 5, 17, 132647
List the prime factors of 1994127534.
2, 3, 7, 15826409
List the prime factors of 4215309311.
251, 16794061
What are the prime factors of 426670474?
2, 213335237
What are the prime factors of 3188807415?
3, 5, 70862387
What are the prime factors of 2016693608?
2, 252086701
List the prime factors of 6147756.
2, 3, 389, 439
What are the prime factors of 719470547?
1733, 415159
List the prime factors of 120069565.
5, 7, 11, 311869
List the prime factors of 470181610.
2, 5, 103, 479, 953
List the prime factors of 307966229.
307966229
List the prime factors of 62715747.
3, 61, 389, 881
What are the prime factors of 37805686?
2, 43, 439601
List the prime factors of 225269704.
2, 11, 181, 14143
What are the prime factors of 3429362429?
79, 43409651
What are the prime factors of 18902499?
3, 7, 11, 43, 173
List the prime factors of 35534249.
41, 866689
List the prime factors of 152676772.
2, 3109, 12277
What are the prime factors of 4345187535?
3, 5, 13, 1523, 4877
List the prime factors of 1527440546.
2, 19559, 39047
List the prime factors of 645847842.
2, 3, 107641307
List the prime factors of 63812280.
2, 3, 5, 7, 75967
List the prime factors of 55031222.
2, 27515611
What are the prime factors of 52709625?
3, 5, 46853
List the prime factors of 53449469.
53449469
What are the prime factors of 3914132?
2, 523, 1871
List the prime factors of 135848386.
2, 31, 37, 59219
What are the prime factors of 640555267?
11, 23, 709, 3571
List the prime factors of 10386899.
37, 41, 167
What are the prime factors of 1285923642?
2, 3, 214320607
List the prime factors of 476239063.
476239063
What are the prime factors of 780402049?
7, 111486007
List the prime factors of 331104648.
2, 3, 7, 17, 115933
What are the prime factors of 256314468?
2, 3, 21359539
What are the prime factors of 2812453551?
3, 563, 555053
What are the prime factors of 8809415852?
2, 4271, 515653
What are the prime factors of 58947182?
2, 7, 31, 71, 1913
What are the prime factors of 4443444?
2, 3, 41143
List the prime factors of 57254418.
2, 3, 13, 81559
List the prime factors of 167543041.
17, 229, 43037
What are the prime factors of 1556552539?
233, 863, 7741
List the prime factors of 50646651.
3, 11, 227, 6761
List the prime factors of 14084286.
2, 3, 571, 4111
List the prime factors of 89564641.
2473, 36217
What are the prime factors of 165933035?
5, 71, 467417
List the prime factors of 3711267497.
7, 443, 170971
What are the prime factors of 185958400?
2, 5, 227
What are the prime factors of 150233548?
2, 659, 56993
What are the prime factors of 1952381638?
2, 9439, 103421
List the prime factors of 54653360.
2, 5, 199, 3433
List the prime factors of 1314736197.
3, 438245399
What are the prime factors of 1183092884?
2, 41, 43, 127, 1321
List the prime factors of 4219915.
5, 7, 120569
List the prime factors of 2254384932.
2, 3, 187865411
What are the prime factors of 2453950092?
2, 3, 11, 19, 978449
What are the prime factors of 58313899?
7, 8330557
What are the prime factors of 344126594?
2, 7, 19, 101, 12809
List the prime factors of 153232201.
29, 523, 10103
List the prime factors of 1307285492.
2, 41, 53, 150401
What are the prime factors of 8629941?
3, 2876647
What are the prime factors of 1250104015?
5, 29, 37, 389, 599
What are the prime factors of 159694376?
2, 193, 293, 353
What are the prime factors of 629476667?
4931, 127657
What are the prime factors of 34352227?
7, 13, 43, 8779
What are the prime factors of 1450527285?
3, 5, 96701819
List the prime factors of 1166294019.
3, 11, 1009, 35027
What are the prime factors of 92248011?
3, 1049, 3257
What are the prime factors of 139295108?
2, 241, 144497
List the prime factors of 88077142.
2, 44038571
What are the prime factors of 194324579?
1427, 136177
What are the prime factors of 36726510?
2, 3, 5, 1224217
List the prime factors of 296241850.
2, 5, 503, 11779
List the prime factors of 1571935291.
61, 1303, 19777
List the prime factors of 2614672149.
3, 139, 6270197
What are the prime factors of 5652422627?
43, 131451689
What are the prime factors of 166893451?
23, 829, 8753
What are the prime factors of 27507783?
3, 9169261
List the prime factors of 4990619824.
2, 17, 2879, 6373
List the prime factors of 194232401.
11, 23, 29, 1151
What are the prime factors of 53547937?
1741, 30757
List the prime factors of 1082268080.
2, 5, 13528351
What are the prime factors of 61518623?
61518623
What are the prime factors of 495707364?
2, 3, 211, 2417
What are the prime factors of 38628823?
409, 94447
List the prime factors of 370048614.
2, 3, 13, 4744213
What are the prime factors of 2522393501?
569, 4433029
List the prime factors of 29303057.
7, 4186151
What are the prime factors of 3494994073?
29, 120517037
What are the prime factors of 95279000?
2, 5, 95279
List the prime factors of 159769073.
587, 272179
List the prime factors of 2178954996.
2, 3, 43, 4222781
List the prime factors of 192233670.
2, 3, 5, 857, 7477
List the prime factors of 64626766.
2, 32313383
List the prime factors of 3669940928.
2, 281, 204067
List the prime factors of 274988496.
2, 3, 307, 18661
What are the prime factors of 969421935?
3, 5, 173, 179, 2087
What are the prime factors of 186855779?
11, 16986889
What are the prime factors of 311332760?
2, 5, 7783319
What are the prime factors of 68796790?
2, 5, 17, 103, 3929
List the prime factors of 113827465.
5, 29, 785017
List the prime factors of 20492241.
3, 7, 11, 19, 23, 29
What are the prime factors of 50651156?
2, 127, 99707
List the prime factors of 85591436.
2, 7, 41, 10651
List the prime factors of 46195557.
3, 281, 54799
What are the prime factors of 3644523980?
2, 5, 182226199
List the prime factors of 87892378.
2, 7, 31, 4133
What are the prime factors of 2248049059?
331, 6791689
List the prime factors of 7833238.
2, 7, 67, 1193
List the prime factors of 331311484.
2, 7, 137, 86369
What are the prime factors of 817818288?
2, 3, 7, 1153, 2111
List the prime factors of 64142559.
3, 13, 548227
What are the prime factors of 242644741?
1291, 187951
What are the prime factors of 2123956139?
83, 2729, 9377
List the prime factors of 107775602.
2, 11, 1427, 3433
What are the prime factors of 995305238?
2, 883, 563593
What are the prime factors of 29064326?
2, 41, 354443
What are the prime factors of 870332680?
2, 5, 7, 17, 67, 2729
List the prime factors of 2091049274.
2, 739, 911, 1553
List the prime factors of 29034156.
2, 3, 47, 51479
List the prime factors of 14026490.
2, 5, 139, 10091
List the prime factors of 1226515872.
2, 3, 12776207
What are the prime factors of 21094017?
3, 7, 1004477
What are the prime factors of 511053171?
3, 170351057
What are the prime factors of 6416021?
17, 53, 7121
What are the prime factors of 35825424?
2, 3, 746363
List the prime factors of 72158766.
2, 3, 12026461
List the prime factors of 53822614.
2, 47, 572581
What are the prime factors of 314464464?
2, 3, 23, 31649
List the prime factors of 58789388.
2, 7, 541, 3881
What are the prime factors of 1044658783?
7, 21319567
What are the prime factors of 3497977006?
2, 2677, 653339
What are the prime factors of 246512860?
2, 5, 11, 1120513
List the